s r(q)?
16
Let g(d) be the second derivative of 1/6*d**3 + 7/2*d**2 + d + 0. Let c be -6*2*((-72)/(-16) - (-2 + 7)). Determine g(c).
13
Suppose 5*y = -20, 3*y + 14 = 50*b - 48*b. Let f(c) = 6*c + 3*c - 5*c + 1. Calculate f(b).
5
Let r(n) = 15*n**2 + n - 2. Let h = -539 - -540. What is r(h)?
14
Let k(a) = 33*a - 14. Let q(o) = -15*o + 7. Let w(p) = -3*k(p) - 7*q(p). Determine w(3).
11
Let g(l) be the third derivative of 0*l**5 + 0 + 0*l**4 + 0*l + 0*l**3 + 1/40*l**6 - 8*l**2. Give g(-1).
-3
Let s be (-2)/1*6/(-4). Let y(v) = 0*v**3 + v**s + 0 - 1. Suppose 0 = -68*m - 32*m. Determine y(m).
-1
Let s(a) be the first derivative of -3*a**5/20 - a**4/24 + a**2/2 + 9. Let m(l) be the second derivative of s(l). Determine m(-1).
-8
Let l(g) = -76 + 39 - 9*g**2 + 37 - g. Let o(q) = -3 + 0 - q - 8. Let c be o(-12). What is l(c)?
-10
Let j(r) = -6*r**2 - r. Let k be j(-1). Let g(u) = u - 1. Let m(i) = 6*i - 2*i - 6 - i. Let b(z) = k*g(z) + m(z). Calculate b(1).
-3
Let j(v) = 52 + 60 - 5*v - 93. Determine j(5).
-6
Let y(o) = -2*o**3 - 9*o**2 - 5*o - 2. Let n(a) = -3*a**3 - 4*a - 3 - a - 10*a**2 - a + 1. Let f(v) = -3*n(v) + 4*y(v). What is f(6)?
-14
Let x(s) = -17*s + 31 + 2*s**2 + 3*s**2 - 4*s**2 + 6*s - 3*s. Determine x(9).
-14
Suppose 230 = 5*p + 3*r, -6*p + 2*r = -3*p - 119. Let m(u) = -6*u**2 + u**2 + 6 - 1 - p*u**3 + 44*u**3 - 2*u. What is m(5)?
-5
Let u(v) = 5*v**3 + 4*v**2 - 5*v - 7. Let c(k) = 11*k**3 + 7*k**2 - 13*k - 13. Let y(g) = -4*c(g) + 9*u(g). Calculate y(-7).
-11
Suppose 11*m - 13*m = -4. Let b(a) = -114*a**2 - 5*a - m - 1 + 116*a**2. Suppose -5*i + 4*k = -15 - 13, 0 = i - 5*k - 14. Give b(i).
9
Let c be (-154)/(-56) - (-1)/4. Suppose -4 = -5*s + 2*y, 5*y + 5 = -2*s + 24. Let u(q) = -q**3 + 4*q**2 - 7 - 3*q + q**s + c. Give u(3).
5
Let b(j) = -13*j**2 + 18*j + 2. Let y(m) = 36*m**2 - 52*m - 5. Let n(g) = 11*b(g) + 4*y(g). What is n(3)?
-19
Let s be ((-4)/(-6))/((-22)/33). Let t(n) = n. Let h(m) be the first derivative of -m**2 + m - 2. Let d(f) = h(f) - 2*t(f). Calculate d(s).
5
Suppose 0 = -3*h - 2*a + 1, 4*a - 1 = -3*h + 4. Let k(j) = -5*j**2 + 2. Let x(z) = -14*z**2 + 5. Let y(l) = 7*k(l) - 3*x(l). Give y(h).
6
Let l = 541/6 + -90. Let x(v) be the third derivative of l*v**4 + 0*v**3 + 0 - 1/30*v**5 + v**2 + 0*v. Determine x(3).
-6
Let f(l) = -7*l - l - 302 + 2*l + 602 - 304. What is f(-4)?
20
Suppose i - 4 = 0, 263 = 4*s - i - 129. Let a be s/21 - (-14)/49. Let c(z) = -4 + z - 1 + z. Calculate c(a).
5
Let k(p) be the first derivative of -3/2*p**2 + 22 - p**3 + 1/4*p**4 - p. Give k(4).
3
Let y(d) = d**2 - 6*d. Let i be y(6). Suppose 0 = -i*q - 4*q + a + 19, -15 = -3*a. Let m(j) = 2*j**2 + 6*j + 4*j**2 - 7*j**2 - 5. What is m(q)?
-5
Let t(k) = k**3 - k**2 - 10*k + 12. Let r be t(3). Let b(o) = -o**3 + 6. What is b(r)?
6
Suppose 3*q + 351 = 345. Let h(p) = 2*p**3 + 5*p**2 + 9*p + 8. Determine h(q).
-6
Let b(u) = -u**2 + 10*u - 19. Let r be b(3). Let x(p) = 1 - 13*p**2 - 2*p + r*p**2 + 8*p**2. Determine x(1).
-4
Let a be (-6)/4*(-8)/6. Let o(u) = u + 637*u**3 + 1 - 1272*u**3 + u**2 + 634*u**3. Determine o(a).
-1
Let y(a) = 21*a + 1. Let m be (-7 + 3)/(36/9). Give y(m).
-20
Let b be 3 + (1 - -4) - 2. Let t(g) = 2*g - 7*g + 5 + 1 + b*g. Let o be (-2)/5 + 54/10. Determine t(o).
11
Let a(l) = 5*l**2 - l - 2. Let b(j) = j**3 - 2*j - 2. Let c be b(0). Give a(c).
20
Suppose 5*b = 25 - 10. Let t be 5/(-25) - (-22)/10. Let q(f) = -3 - 4*f**2 + f**t + 0 + f**3 + f. What is q(b)?
0
Let d(u) = -u**2 + 2*u + 1. Let q = 264 - 265. What is d(q)?
-2
Let u(a) be the first derivative of a**4/4 - 5*a**3/3 + a**2 - 6*a - 22. Let c(v) = -v + 9. Let p be c(4). Determine u(p).
4
Let r(n) be the third derivative of n**6/120 - n**5/10 + 7*n**4/24 + n**3/3 + 2*n**2 - 20*n. Calculate r(5).
12
Let x(a) = 2027 - 4048 + 2027 - a. What is x(-5)?
11
Let u(j) = -j**2 + 9*j - 2. Suppose 5*w = -2*c + 27, 0*w + 18 = 2*w - c. Determine u(w).
12
Suppose -a - 8 = -5*a. Suppose 25 - 17 = -a*m. Let q(d) = -d**2 - 5*d + 3. Determine q(m).
7
Let i(w) = 145*w**3 + 2*w**2 - w + 4. Let j be i(2). Suppose 11*k + j = 5*k. Let c be 26/k + (-47)/(-15). Let a(f) = -2*f + 1. What is a(c)?
-5
Let i = -38 - -45. Let o(d) = -213 - i*d + 209 + 2*d**2 - 4*d**2. What is o(-5)?
-19
Let r(a) be the first derivative of -7/2*a**2 + 19 + 6*a - 1/3*a**3. Determine r(-8).
-2
Let r(k) be the second derivative of k**5/60 - k**4/4 - 5*k**3/6 + 3*k**2/2 + 8*k. Let b(j) be the first derivative of r(j). Give b(4).
-13
Let g be 1 - 2 - (-5 - 1). Suppose g*h - 15 + 5 = 0. Let c(f) = 0*f - 5 - f**2 + h*f**2 + 2*f - 5*f. Determine c(5).
5
Let m(r) = -2*r**2 - 4*r**2 - 235 + 0*r**2 + 5*r**2 + 222 - r. Suppose -2*l = -3*x, 5*x - 3*l = -2*l. Determine m(x).
-13
Let i(s) be the second derivative of s**6/144 + s**5/60 - 5*s**4/12 + 4*s. Let p(c) be the third derivative of i(c). What is p(3)?
17
Let f = 176 - 122. Let d = -60 + f. Let z(g) = g**3 + 5*g**2 - 6*g - 5. Determine z(d).
-5
Let n(s) = s**2 + 9*s - 2. Suppose 0 = -0*c + 12*c + 564. Let i = c + 38. Give n(i).
-2
Let h(v) = v**2 - 9*v + 6. Let z = 28 - 25. Let j be h(z). Let l be (1/3)/(4/j). Let u(o) = -2*o**2 - 2*o - 1. Give u(l).
-1
Let g = 0 - 0. Let b(q) = 1 - 4*q + 4*q**2 + 3*q**3 - 3*q + g*q**3 - 2*q**3. What is b(-5)?
11
Let y(d) = -18*d - 9 - 16*d - d**3 + 5*d**2 + 42*d. Let g = 18 + -18. Let i = g - -6. Calculate y(i).
3
Let g(u) = u**3 + 2*u**2 - 3. Let n be ((-28)/10)/(4/(-10)). Suppose -4*l - n = 5. Give g(l).
-12
Suppose -4 + 2 = v, 0 = 2*o - 5*v - 10. Let t(w) be the second derivative of -3*w + o - 1/2*w**2 + 1/3*w**3. Give t(1).
1
Suppose -i - j = -12, -i = 4*j - 33 + 6. Let r(w) = w**3 - 7*w**2 - 3*w + 10. Calculate r(i).
-11
Let r(g) = 3*g + 20. Let c be (-6120)/756 + 2/21. Give r(c).
-4
Let n = -5 + -5. Let q(c) = -c**3 - 10*c**2 + c. Determine q(n).
-10
Let j(x) be the third derivative of -x**6/120 + x**5/12 - x**4/24 - 2*x**3/3 - 5*x**2 - 8. Determine j(4).
8
Let s = -491 + 494. Let n(z) be the first derivative of z - z**s + 1/4*z**4 + 6 + 1/2*z**2. Determine n(3).
4
Let w(x) be the third derivative of x**6/720 - x**5/120 - 11*x**4/8 + x**2 - 15*x. Let d(o) be the second derivative of w(o). What is d(-7)?
-8
Let a be (2/(-4))/(((-27)/(-252))/3). Let o(i) = -2*i - 30. Determine o(a).
-2
Let k = -77 + 74. Let y be 0/4 + k - 4. Let t(p) = -p**2 - 5*p + 9. Determine t(y).
-5
Suppose 0 = 40*n + 46 + 74. Let l(j) = -j**3 - 5*j**2 - 2*j - 2. Give l(n).
-14
Let k(w) be the first derivative of -w**4/4 - 2*w**3 - 3*w**2 - 7*w + 1. Let n(z) = z**2 - 7*z + 8. Let d be n(3). Let t be -1 - (d - (-8 - 0)). Determine k(t).
-2
Let g = -1 - 0. Suppose 4*d + 2*i - 11 = 39, 5*d - 64 = -i. Let p(v) = -10 + 10 - d*v. What is p(g)?
13
Let w(k) = -k - 15. Suppose 9*q - 2 = -92. Determine w(q).
-5
Let n(k) be the second derivative of 5*k**3/6 - 3*k**2/2 + 237*k. Determine n(6).
27
Let o(g) be the first derivative of 6*g - 7/2*g**2 + 2 + 1/3*g**3. Calculate o(4).
-6
Let f be (((-2)/(-3))/(4/(-6)))/1. Let j(q) = 4*q**3 + 2*q**2 - 4*q - 4. Let x(h) = h**3 - h - 1. Let l(n) = f*j(n) + 3*x(n). Determine l(2).
-13
Let h be 4/5 - 2232/(-360). Let q(w) = w - 20. Determine q(h).
-13
Let x be ((-56)/104)/(4/(-52)). Let u(c) = c**2 - c - 5. Determine u(x).
37
Suppose -2*u = u - 3*w, 0 = -2*u - w + 3. Let g(l) = l - 1. Let q(d) = 2*d - 9. Let x(p) = u*q(p) - g(p). Calculate x(0).
-8
Let u(l) = 3 + 9 - 7 - 2 - 12*l - 5. Determine u(-2).
22
Let z(j) be the first derivative of 2*j**3/3 - 2*j**2 - 698. Calculate z(3).
6
Let c = 81 + -79. Let u(z) = 4*z**c - 5*z + 19 - 3*z**2 - 25. Give u(6).
0
Let f(l) = l**2 - l - 1. Suppose -4*x + 6 - 22 = 0. Let i be -1 - 5/(10/x). Let m(u) = -u**3 + 9*u**2 - 8*u - 4. Let a(r) = i*m(r) - 6*f(r). Calculate a(3).
-4
Let l(y) = -y**2 + 2*y - 1. Suppose -2*u - u + 4 = -2*v, -v = -u. Suppose 0*h + 8 = u*h. Suppose 4 = -w + h*w. Give l(w).
-9
Let w(f) = -2*f**2 + 32*f - 139. Let j be w(6). Let k(p) = -p**3 - 19*p**2 - p - 21. Calculate k(j).
-2
Let y(p) be the second derivative of -p**4/12 - 4*p**3/3 - 7*p**2/2 - 2*p. Let b(u) = -u + 12. Let w be b(10). Let h = w + -8. Determine y(h).
5
Let s(m) = 2*m - 6. Let b(g) = -g**2 + 10*g**2 - 1 + 8 - 12*g - 10*g**2. Let x be b(-12). Give s(x).
8
Let l(f) be the third derivative of f**6/120 + f**5/6 - 3*f